{"id":15,"date":"2021-08-28T13:11:11","date_gmt":"2021-08-28T11:11:11","guid":{"rendered":"http:\/\/timeforsmile.pl\/?page_id=15"},"modified":"2025-04-15T11:08:37","modified_gmt":"2025-04-15T09:08:37","slug":"animacje","status":"publish","type":"page","link":"https:\/\/timeforsmile.pl\/index.php\/animacje\/","title":{"rendered":"Animacje"},"content":{"rendered":"\n<figure class=\"wp-block-image size-full\"><img loading=\"lazy\" decoding=\"async\" width=\"656\" height=\"833\" src=\"https:\/\/timeforsmile.pl\/wp-content\/uploads\/2025\/04\/nowa-tfs-oferta-animacje-2-do-wyboru-nowy-cennik.jpg\" alt=\"\" class=\"wp-image-567\" srcset=\"https:\/\/timeforsmile.pl\/wp-content\/uploads\/2025\/04\/nowa-tfs-oferta-animacje-2-do-wyboru-nowy-cennik.jpg 656w, https:\/\/timeforsmile.pl\/wp-content\/uploads\/2025\/04\/nowa-tfs-oferta-animacje-2-do-wyboru-nowy-cennik-236x300.jpg 236w\" sizes=\"auto, (max-width: 656px) 100vw, 656px\" \/><\/figure>\n\n\n\n<p><\/p>\n\n\n\n<p>Podczas animacji cechuje nas elastyczno\u015b\u0107 wzgl\u0119dem preferencji klient\u00f3w, dlatego zawsze<br>konsultujemy i uzgadniamy wszystko, co wed\u0142ug \u017cyczenia ma si\u0119 dzia\u0107 na ka\u017cdej z imprez.<\/p>\n\n\n\n<p><\/p>\n\n\n\n<p><\/p>\n\n\n\n<p><\/p>\n\n\n\n<p class=\"has-large-font-size\"><strong>W sprawie piknik\u00f3w, festyn\u00f3w, wydarze\u0144 firmowych zapraszamy <\/strong><\/p>\n\n\n\n<p class=\"has-large-font-size\"><strong>do indywidualnej wyceny i rezerwacji terminu pod numerem <\/strong><\/p>\n\n\n\n<p class=\"has-large-font-size\"><strong>telefonu: <\/strong><\/p>\n\n\n\n<p><\/p>\n\n\n\n<p class=\"has-large-font-size\"><strong>512-518-181 <\/strong><\/p>\n\n\n\n<div class=\"wp-block-columns is-layout-flex wp-container-core-columns-is-layout-9d6595d7 wp-block-columns-is-layout-flex\">\n<div class=\"wp-block-column attractions-photo-column is-layout-flow wp-block-column-is-layout-flow\">\n<div class=\"wp-block-group\"><div class=\"wp-block-group__inner-container is-layout-flow wp-block-group-is-layout-flow\">\n<div class=\"wp-block-columns is-layout-flex wp-container-core-columns-is-layout-9d6595d7 wp-block-columns-is-layout-flex\">\n<div class=\"wp-block-column is-vertically-aligned-center is-layout-flow wp-block-column-is-layout-flow\" style=\"flex-basis:100%\">\n<figure class=\"wp-block-image size-full\"><img loading=\"lazy\" decoding=\"async\" width=\"940\" height=\"788\" src=\"https:\/\/timeforsmile.pl\/wp-content\/uploads\/2022\/10\/wpis-piniaty-na-animacje-2.png\" alt=\"\" class=\"wp-image-425\" srcset=\"https:\/\/timeforsmile.pl\/wp-content\/uploads\/2022\/10\/wpis-piniaty-na-animacje-2.png 940w, https:\/\/timeforsmile.pl\/wp-content\/uploads\/2022\/10\/wpis-piniaty-na-animacje-2-300x251.png 300w, https:\/\/timeforsmile.pl\/wp-content\/uploads\/2022\/10\/wpis-piniaty-na-animacje-2-768x644.png 768w\" sizes=\"auto, (max-width: 940px) 100vw, 940px\" \/><\/figure>\n\n\n\n<p><\/p>\n<\/div>\n<\/div>\n<\/div><\/div>\n<\/div>\n\n\n\n<div class=\"wp-block-column is-layout-flow wp-block-column-is-layout-flow\">\n<figure class=\"wp-block-gallery has-nested-images columns-default is-cropped wp-block-gallery-1 is-layout-flex wp-block-gallery-is-layout-flex\">\n<figure class=\"wp-block-image size-full\"><img loading=\"lazy\" decoding=\"async\" width=\"810\" height=\"810\" data-id=\"422\" src=\"https:\/\/timeforsmile.pl\/wp-content\/uploads\/2022\/10\/kolaz-wlasciwy-tfs-1.jpg\" alt=\"\" class=\"wp-image-422\" srcset=\"https:\/\/timeforsmile.pl\/wp-content\/uploads\/2022\/10\/kolaz-wlasciwy-tfs-1.jpg 810w, https:\/\/timeforsmile.pl\/wp-content\/uploads\/2022\/10\/kolaz-wlasciwy-tfs-1-300x300.jpg 300w, https:\/\/timeforsmile.pl\/wp-content\/uploads\/2022\/10\/kolaz-wlasciwy-tfs-1-150x150.jpg 150w, https:\/\/timeforsmile.pl\/wp-content\/uploads\/2022\/10\/kolaz-wlasciwy-tfs-1-768x768.jpg 768w\" sizes=\"auto, (max-width: 810px) 100vw, 810px\" \/><\/figure>\n<\/figure>\n<\/div>\n<\/div>\n\n\n\n<p class=\"has-medium-font-size\">        Wsp\u00f3\u0142pracujemy z:<\/p>\n\n\n\n<a href=\"https:\/\/www.weselezklasa.pl\/ogloszenia-weselne\/time-for-smile-animatorzy-na-kazda-impreze,39525\/\" target=\"_blank\" title=\"Time for smile - Animatorzy dla dzieci na ka\u017cd\u0105 imprez\u0119.\" rel=\"noopener\">\n\n<figure class=\"wp-block-image size-full\"><img loading=\"lazy\" decoding=\"async\" width=\"230\" height=\"50\" src=\"https:\/\/timeforsmile.pl\/wp-content\/uploads\/2021\/12\/button230x50bialetlo.png\" alt=\"\" class=\"wp-image-387\"><\/figure><\/a>\n","protected":false},"excerpt":{"rendered":"<p>Podczas animacji cechuje nas elastyczno\u015b\u0107 wzgl\u0119dem preferencji klient\u00f3w, dlatego zawszekonsultujemy i uzgadniamy wszystko, co [&hellip;]<\/p>\n","protected":false},"author":1,"featured_media":0,"parent":0,"menu_order":0,"comment_status":"closed","ping_status":"closed","template":"","meta":{"footnotes":""},"class_list":["post-15","page","type-page","status-publish","hentry"],"_links":{"self":[{"href":"https:\/\/timeforsmile.pl\/index.php\/wp-json\/wp\/v2\/pages\/15","targetHints":{"allow":["GET"]}}],"collection":[{"href":"https:\/\/timeforsmile.pl\/index.php\/wp-json\/wp\/v2\/pages"}],"about":[{"href":"https:\/\/timeforsmile.pl\/index.php\/wp-json\/wp\/v2\/types\/page"}],"author":[{"embeddable":true,"href":"https:\/\/timeforsmile.pl\/index.php\/wp-json\/wp\/v2\/users\/1"}],"replies":[{"embeddable":true,"href":"https:\/\/timeforsmile.pl\/index.php\/wp-json\/wp\/v2\/comments?post=15"}],"version-history":[{"count":27,"href":"https:\/\/timeforsmile.pl\/index.php\/wp-json\/wp\/v2\/pages\/15\/revisions"}],"predecessor-version":[{"id":569,"href":"https:\/\/timeforsmile.pl\/index.php\/wp-json\/wp\/v2\/pages\/15\/revisions\/569"}],"wp:attachment":[{"href":"https:\/\/timeforsmile.pl\/index.php\/wp-json\/wp\/v2\/media?parent=15"}],"curies":[{"name":"wp","href":"https:\/\/api.w.org\/{rel}","templated":true}]}}