{"id":756,"date":"2025-12-22T19:28:59","date_gmt":"2025-12-22T18:28:59","guid":{"rendered":"https:\/\/timeforsmile.pl\/?page_id=756"},"modified":"2025-12-22T19:39:10","modified_gmt":"2025-12-22T18:39:10","slug":"blog-i-faq","status":"publish","type":"page","link":"https:\/\/timeforsmile.pl\/index.php\/blog-i-faq\/","title":{"rendered":"Blog i FAQ"},"content":{"rendered":"\n<p class=\"has-medium-font-size\">Na tej stronie publikujemy porady, aktualno\u015bci oraz odpowiedzi na najcz\u0119stsze pytania  zwi\u0105zane z nasz\u0105 dzia\u0142alno\u015bci\u0105. Dzielimy si\u0119 wiedz\u0105, kt\u00f3ra pomaga lepiej zrozumie\u0107 poruszane tematy i by\u0107 na bie\u017c\u0105co z nowo\u015bciami. Serdecznie zapraszamy do lektury \ud83d\ude42<\/p>\n\n\n\n<p class=\"has-luminous-vivid-amber-color has-text-color has-link-color has-x-large-font-size wp-elements-0bce92325f975a871464eea701f1b0b4\"><strong>Logopedia<\/strong><\/p>\n\n\n\n<p><a href=\"https:\/\/timeforsmile.pl\/wp-admin\/post.php?post=741&amp;action=edit\">Czy terapia logopedyczna jest refundowana?<\/a><\/p>\n\n\n\n<p><a href=\"https:\/\/timeforsmile.pl\/wp-admin\/post.php?post=739&amp;action=edit\">Czy logopeda mo\u017ce zaleci\u0107 konsultacj\u0119 z innymi specjalistami?<\/a><\/p>\n\n\n\n<p><a href=\"https:\/\/timeforsmile.pl\/wp-admin\/post.php?post=737&amp;action=edit\">Jak monitorowa\u0107 post\u0119py terapii logopedycznej?<\/a><\/p>\n\n\n\n<p><a href=\"https:\/\/timeforsmile.pl\/wp-admin\/post.php?post=735&amp;action=edit\">Co je\u015bli&nbsp;dziecko&nbsp;nie&nbsp;chce wsp\u00f3\u0142pracowa\u0107&nbsp; podczas&nbsp;\u0107wicze\u0144 logopedycznych?<\/a><\/p>\n\n\n\n<p><a href=\"https:\/\/timeforsmile.pl\/wp-admin\/post.php?post=733&amp;action=edit\">Czy w logopedii&nbsp; uwzgl\u0119dnia&nbsp; si\u0119&nbsp; wsp\u00f3\u0142prac\u0119&nbsp; z psychologiem&nbsp; lub terapeut\u0105&nbsp; integracji sensorycznej?<\/a><\/p>\n\n\n\n<p><a href=\"https:\/\/timeforsmile.pl\/wp-admin\/post.php?post=731&amp;action=edit\">Jak d\u0142ugo usuwa si\u0119 wad\u0119 wymowy przy regularnej terapii?<\/a><\/p>\n\n\n\n<p><a href=\"https:\/\/timeforsmile.pl\/wp-admin\/post.php?post=729&amp;action=edit\">Czy rodzic powinien wykonywa\u0107 \u0107wiczenia logopedyczne z dzieckiem w domu?<\/a><\/p>\n\n\n\n<p><a href=\"https:\/\/timeforsmile.pl\/wp-admin\/post.php?post=727&amp;action=edit\">Jak\u00a0cz\u0119sto\u00a0trzeba chodzi\u0107 na terapi\u0119\u00a0 logopedyczn\u0105?<\/a><\/p>\n\n\n\n<p><a href=\"https:\/\/timeforsmile.pl\/wp-admin\/post.php?post=725&amp;action=edit\">Czy nastolatkowie\u00a0i doro\u015bli\u00a0te\u017c\u00a0mog\u0105\u00a0korzysta\u0107 z terapii\u00a0logopedycznej ?<\/a><\/p>\n\n\n\n<p><a href=\"https:\/\/timeforsmile.pl\/wp-admin\/post.php?post=723&amp;action=edit\">Czy terapia logopedyczna mo\u017ce pom\u00f3c pacjentowi przed, w trakcie i po zaaparatowaniu ortodontycznym?<\/a><\/p>\n\n\n\n<p><a href=\"https:\/\/timeforsmile.pl\/wp-admin\/post.php?post=716&amp;action=edit\">Jak rozumie\u0107 poj\u0119cia takie jak sygmatyzm czy rotacyzm?<\/a><\/p>\n\n\n\n<p><a href=\"https:\/\/timeforsmile.pl\/wp-admin\/post.php?post=714&amp;action=edit\">Czym r\u00f3\u017cni\u0105 si\u0119 logopeda i neurologopeda?<\/a><\/p>\n\n\n\n<p><a href=\"https:\/\/timeforsmile.pl\/wp-admin\/post.php?post=712&amp;action=edit\">Czy logopedi\u0119 mo\u017cna prowadzi\u0107 online?<\/a><\/p>\n\n\n\n<p><a href=\"https:\/\/timeforsmile.pl\/wp-admin\/post.php?post=710&amp;action=edit\">Czy logopedia pomaga dzieciom z op\u00f3\u017anionym rozwojem mowy?<\/a><\/p>\n\n\n\n<p><a href=\"https:\/\/timeforsmile.pl\/wp-admin\/post.php?post=708&amp;action=edit\">Ile trwa terapia logopedyczna?<\/a><\/p>\n\n\n\n<p><a href=\"https:\/\/timeforsmile.pl\/wp-admin\/post.php?post=706&amp;action=edit\">Jak wygl\u0105da diagnoza logopedyczna?<\/a><\/p>\n\n\n\n<p><a href=\"https:\/\/timeforsmile.pl\/wp-admin\/post.php?post=704&amp;action=edit\">Czy logopeda bada tylko mow\u0119, czy tak\u017ce inne funkcje?<\/a><\/p>\n\n\n\n<p><a href=\"https:\/\/timeforsmile.pl\/wp-admin\/post.php?post=701&amp;action=edit\">Jak przygotowa\u0107 si\u0119 do pierwszej wizyty u logopedy?<\/a><\/p>\n\n\n\n<p><a href=\"https:\/\/timeforsmile.pl\/wp-admin\/post.php?post=699&amp;action=edit\">Kiedy warto zg\u0142osi\u0107 dziecko do logopedy?<\/a><\/p>\n\n\n\n<p><a href=\"https:\/\/timeforsmile.pl\/wp-admin\/post.php?post=697&amp;action=edit\">Co to jest logopedia i czym zajmuje si\u0119 logopeda?<\/a><\/p>\n\n\n\n<p class=\"has-luminous-vivid-amber-color has-text-color has-link-color has-x-large-font-size wp-elements-d10e0f9a734945f85995de042770e598\"><strong>Psychologia<\/strong><\/p>\n\n\n\n<p><a href=\"https:\/\/timeforsmile.pl\/wp-admin\/post.php?post=767&amp;action=edit\">Jak wygl\u0105da pierwsza wizyta u psychologa dzieci\u0119cego?<\/a><\/p>\n\n\n\n<p class=\"has-luminous-vivid-amber-color has-text-color has-link-color has-x-large-font-size wp-elements-76c872b3f26ae2db23b3d6a8fc11646f\"><strong>Integracja Sensoryczna<\/strong><\/p>\n\n\n\n<p><a href=\"https:\/\/timeforsmile.pl\/wp-admin\/post.php?post=606&amp;action=edit\">Jak wygl\u0105da terapia integracji sensorycznej ?<\/a><\/p>\n\n\n\n<p class=\"has-luminous-vivid-amber-color has-text-color has-link-color has-x-large-font-size wp-elements-f264d80628c04c6bd2560c2f134eec95\"><strong>Animacje<\/strong><\/p>\n\n\n\n<p><a href=\"https:\/\/timeforsmile.pl\/wp-admin\/post.php?post=603&amp;action=edit\">Co zawiera cena animacji dla dzieci? &#x1f388;&#x1f389;<\/a><\/p>\n","protected":false},"excerpt":{"rendered":"<p>Na tej stronie publikujemy porady, aktualno\u015bci oraz odpowiedzi na najcz\u0119stsze pytania zwi\u0105zane z nasz\u0105 [&hellip;]<\/p>\n","protected":false},"author":1,"featured_media":0,"parent":0,"menu_order":0,"comment_status":"closed","ping_status":"closed","template":"","meta":{"footnotes":""},"class_list":["post-756","page","type-page","status-publish","hentry"],"_links":{"self":[{"href":"https:\/\/timeforsmile.pl\/index.php\/wp-json\/wp\/v2\/pages\/756","targetHints":{"allow":["GET"]}}],"collection":[{"href":"https:\/\/timeforsmile.pl\/index.php\/wp-json\/wp\/v2\/pages"}],"about":[{"href":"https:\/\/timeforsmile.pl\/index.php\/wp-json\/wp\/v2\/types\/page"}],"author":[{"embeddable":true,"href":"https:\/\/timeforsmile.pl\/index.php\/wp-json\/wp\/v2\/users\/1"}],"replies":[{"embeddable":true,"href":"https:\/\/timeforsmile.pl\/index.php\/wp-json\/wp\/v2\/comments?post=756"}],"version-history":[{"count":11,"href":"https:\/\/timeforsmile.pl\/index.php\/wp-json\/wp\/v2\/pages\/756\/revisions"}],"predecessor-version":[{"id":774,"href":"https:\/\/timeforsmile.pl\/index.php\/wp-json\/wp\/v2\/pages\/756\/revisions\/774"}],"wp:attachment":[{"href":"https:\/\/timeforsmile.pl\/index.php\/wp-json\/wp\/v2\/media?parent=756"}],"curies":[{"name":"wp","href":"https:\/\/api.w.org\/{rel}","templated":true}]}}